{"id":339,"date":"2023-04-10T07:16:41","date_gmt":"2023-04-10T10:16:41","guid":{"rendered":"http:\/\/www.dezenovevinte.net\/19_20\/?page_id=339"},"modified":"2025-10-07T17:27:25","modified_gmt":"2025-10-07T20:27:25","slug":"instrucoes-para-publicacao","status":"publish","type":"page","link":"http:\/\/www.dezenovevinte.net\/19_20\/instrucoes-para-publicacao\/","title":{"rendered":"Instru\u00e7\u00f5es"},"content":{"rendered":"\t\t<div data-elementor-type=\"wp-page\" data-elementor-id=\"339\" class=\"elementor elementor-339\" data-elementor-post-type=\"page\">\n\t\t\t\t\t\t<section class=\"elementor-section elementor-top-section elementor-element elementor-element-0058477 elementor-section-content-middle rbold elementor-section-height-min-height elementor-section-boxed elementor-section-height-default elementor-section-items-middle\" data-id=\"0058477\" data-element_type=\"section\">\n\t\t\t\t\t\t<div class=\"elementor-container elementor-column-gap-no\">\n\t\t\t\t\t<div class=\"elementor-column elementor-col-100 elementor-top-column elementor-element elementor-element-f8d3142\" data-id=\"f8d3142\" data-element_type=\"column\">\n\t\t\t<div class=\"elementor-widget-wrap elementor-element-populated\">\n\t\t\t\t\t\t<section class=\"elementor-section elementor-inner-section elementor-element elementor-element-b31bd88 elementor-section-full_width elementor-section-height-default elementor-section-height-default\" data-id=\"b31bd88\" data-element_type=\"section\">\n\t\t\t\t\t\t<div class=\"elementor-container elementor-column-gap-no\">\n\t\t\t\t\t<div class=\"elementor-column elementor-col-100 elementor-inner-column elementor-element elementor-element-c492683\" data-id=\"c492683\" data-element_type=\"column\">\n\t\t\t<div class=\"elementor-widget-wrap elementor-element-populated\">\n\t\t\t\t\t\t<div class=\"elementor-element elementor-element-cd3059b elementor-widget__width-initial elementor-widget elementor-widget-heading\" data-id=\"cd3059b\" data-element_type=\"widget\" data-widget_type=\"heading.default\">\n\t\t\t\t<div class=\"elementor-widget-container\">\n\t\t\t\t\t<h2 class=\"elementor-heading-title elementor-size-default\">Instru\u00e7\u00f5es para publica\u00e7\u00e3o<\/h2>\t\t\t\t<\/div>\n\t\t\t\t<\/div>\n\t\t\t\t<div class=\"elementor-element elementor-element-3820990 elementor-widget elementor-widget-spacer\" data-id=\"3820990\" data-element_type=\"widget\" data-widget_type=\"spacer.default\">\n\t\t\t\t<div class=\"elementor-widget-container\">\n\t\t\t\t\t\t\t<div class=\"elementor-spacer\">\n\t\t\t<div class=\"elementor-spacer-inner\"><\/div>\n\t\t<\/div>\n\t\t\t\t\t\t<\/div>\n\t\t\t\t<\/div>\n\t\t\t\t<div class=\"elementor-element elementor-element-c5e814d elementor-widget elementor-widget-text-editor\" data-id=\"c5e814d\" data-element_type=\"widget\" data-widget_type=\"text-editor.default\">\n\t\t\t\t<div class=\"elementor-widget-container\">\n\t\t\t\t\t\t\t\t\t<p>No momento,\u00a0<strong>19&amp;20<\/strong> n\u00e3o est\u00e1 recebendo materiais para publica\u00e7\u00e3o.<\/p>\t\t\t\t\t\t\t\t<\/div>\n\t\t\t\t<\/div>\n\t\t\t\t\t<\/div>\n\t\t<\/div>\n\t\t\t\t\t<\/div>\n\t\t<\/section>\n\t\t\t\t\t<\/div>\n\t\t<\/div>\n\t\t\t\t\t<\/div>\n\t\t<\/section>\n\t\t\t\t<\/div>\n\t\t","protected":false},"excerpt":{"rendered":"<p>Instru\u00e7\u00f5es para publica\u00e7\u00e3o No momento,\u00a019&amp;20 n\u00e3o est\u00e1 recebendo materiais para publica\u00e7\u00e3o.<\/p>\n","protected":false},"author":1,"featured_media":0,"parent":0,"menu_order":0,"comment_status":"closed","ping_status":"closed","template":"","meta":{"footnotes":""},"class_list":["post-339","page","type-page","status-publish","hentry"],"_links":{"self":[{"href":"http:\/\/www.dezenovevinte.net\/19_20\/wp-json\/wp\/v2\/pages\/339","targetHints":{"allow":["GET"]}}],"collection":[{"href":"http:\/\/www.dezenovevinte.net\/19_20\/wp-json\/wp\/v2\/pages"}],"about":[{"href":"http:\/\/www.dezenovevinte.net\/19_20\/wp-json\/wp\/v2\/types\/page"}],"author":[{"embeddable":true,"href":"http:\/\/www.dezenovevinte.net\/19_20\/wp-json\/wp\/v2\/users\/1"}],"replies":[{"embeddable":true,"href":"http:\/\/www.dezenovevinte.net\/19_20\/wp-json\/wp\/v2\/comments?post=339"}],"version-history":[{"count":0,"href":"http:\/\/www.dezenovevinte.net\/19_20\/wp-json\/wp\/v2\/pages\/339\/revisions"}],"wp:attachment":[{"href":"http:\/\/www.dezenovevinte.net\/19_20\/wp-json\/wp\/v2\/media?parent=339"}],"curies":[{"name":"wp","href":"https:\/\/api.w.org\/{rel}","templated":true}]}}